{"id":640,"date":"2017-03-06T08:45:57","date_gmt":"2017-03-06T08:45:57","guid":{"rendered":"http:\/\/soccer-family.de\/?page_id=640"},"modified":"2019-12-03T18:35:26","modified_gmt":"2019-12-03T18:35:26","slug":"nachhaltigkeit","status":"publish","type":"page","link":"http:\/\/soccer-family.de\/?page_id=640","title":{"rendered":"Nachhaltigkeit"},"content":{"rendered":"<div class=\"skepost clearfix\">\n<p>Die Agentur FR Management steht f\u00fcr Nachhaltigkeit und soziales Engagement. Mit unserer Fu\u00dfballschule Soccer Family nehmen wir regelm\u00e4\u00dfig an verschiedenen Sozial- undd Schulprojekten teil. Wir integrieren benachteiligte Kinder und Jugendliche sowie Menschen mit Migrationshintergrund in unsere eigenen Sportprojekte und unterst\u00fctzen Firmen und soziale Tr\u00e4ger bei der Organisation und Durchf\u00fchrung ihrer Sozialprojekte. In unseren Schulkooperationen stellen wir vor allem die Themen Bewegung und Gesundheit sowie soziales Lernen und Integration in den Vordergrund.<\/p>\n<p>Kontaktieren Sie uns, wenn Sie Interesse an einer Kooperation haben : <a href=\"http:\/\/info@soccer-family.de\">info@soccer-family.de<\/a><\/p>\n<p>Telefonisch k\u00f6nnen Sie uns au\u00dferdem unter +49 (0) 151 470 635 84 erreichen.<\/p>\n<p><img loading=\"lazy\" decoding=\"async\" class=\"alignnone size-medium wp-image-181\" src=\"http:\/\/soccer-family.de\/wp-content\/uploads\/2016\/01\/Logo_Phoenixbad_hell-300x102.jpg\" alt=\"Logo_Phoenixbad_hell\" width=\"300\" height=\"102\" srcset=\"http:\/\/soccer-family.de\/wp-content\/uploads\/2016\/01\/Logo_Phoenixbad_hell-300x102.jpg 300w, http:\/\/soccer-family.de\/wp-content\/uploads\/2016\/01\/Logo_Phoenixbad_hell-768x262.jpg 768w, http:\/\/soccer-family.de\/wp-content\/uploads\/2016\/01\/Logo_Phoenixbad_hell-1024x350.jpg 1024w, http:\/\/soccer-family.de\/wp-content\/uploads\/2016\/01\/Logo_Phoenixbad_hell.jpg 1136w\" sizes=\"auto, (max-width: 300px) 100vw, 300px\" \/><img loading=\"lazy\" decoding=\"async\" class=\"alignnone size-full wp-image-180\" src=\"http:\/\/soccer-family.de\/wp-content\/uploads\/2016\/01\/nova_reisen.jpg\" alt=\"nova_reisen\" width=\"154\" height=\"100\" \/><img loading=\"lazy\" decoding=\"async\" class=\"alignnone size-medium wp-image-662\" src=\"http:\/\/soccer-family.de\/wp-content\/uploads\/2016\/01\/OTS-sponsorLogo-300x88.png\" alt=\"OTS - sponsorLogo\" width=\"300\" height=\"88\" srcset=\"http:\/\/soccer-family.de\/wp-content\/uploads\/2016\/01\/OTS-sponsorLogo-300x88.png 300w, http:\/\/soccer-family.de\/wp-content\/uploads\/2016\/01\/OTS-sponsorLogo-768x226.png 768w, http:\/\/soccer-family.de\/wp-content\/uploads\/2016\/01\/OTS-sponsorLogo-1024x301.png 1024w\" sizes=\"auto, (max-width: 300px) 100vw, 300px\" \/><img loading=\"lazy\" decoding=\"async\" class=\"alignnone  wp-image-813\" src=\"http:\/\/soccer-family.de\/wp-content\/uploads\/2016\/01\/Unbenannt-300x192.png\" alt=\"Unbenannt\" width=\"144\" height=\"94\" \/><\/p>\n<\/div>\n","protected":false},"excerpt":{"rendered":"<p>Die Agentur FR Management steht f\u00fcr Nachhaltigkeit und soziales Engagement. Mit unserer Fu\u00dfballschule Soccer Family nehmen wir regelm\u00e4\u00dfig an verschiedenen Sozial- undd Schulprojekten teil. Wir integrieren benachteiligte Kinder und Jugendliche sowie Menschen mit Migrationshintergrund in unsere eigenen Sportprojekte und unterst\u00fctzen Firmen und soziale Tr\u00e4ger bei der Organisation und Durchf\u00fchrung ihrer&#8230;<\/p>\n","protected":false},"author":1,"featured_media":0,"parent":0,"menu_order":0,"comment_status":"closed","ping_status":"closed","template":"","meta":{"footnotes":""},"class_list":["post-640","page","type-page","status-publish","hentry"],"_links":{"self":[{"href":"http:\/\/soccer-family.de\/index.php?rest_route=\/wp\/v2\/pages\/640","targetHints":{"allow":["GET"]}}],"collection":[{"href":"http:\/\/soccer-family.de\/index.php?rest_route=\/wp\/v2\/pages"}],"about":[{"href":"http:\/\/soccer-family.de\/index.php?rest_route=\/wp\/v2\/types\/page"}],"author":[{"embeddable":true,"href":"http:\/\/soccer-family.de\/index.php?rest_route=\/wp\/v2\/users\/1"}],"replies":[{"embeddable":true,"href":"http:\/\/soccer-family.de\/index.php?rest_route=%2Fwp%2Fv2%2Fcomments&post=640"}],"version-history":[{"count":8,"href":"http:\/\/soccer-family.de\/index.php?rest_route=\/wp\/v2\/pages\/640\/revisions"}],"predecessor-version":[{"id":949,"href":"http:\/\/soccer-family.de\/index.php?rest_route=\/wp\/v2\/pages\/640\/revisions\/949"}],"wp:attachment":[{"href":"http:\/\/soccer-family.de\/index.php?rest_route=%2Fwp%2Fv2%2Fmedia&parent=640"}],"curies":[{"name":"wp","href":"https:\/\/api.w.org\/{rel}","templated":true}]}}